{"id":16,"date":"2008-12-16T05:26:08","date_gmt":"2008-12-16T05:26:08","guid":{"rendered":"http:\/\/www.calmens.ro\/wp\/?page_id=7"},"modified":"2019-01-02T17:50:44","modified_gmt":"2019-01-02T15:50:44","slug":"contact","status":"publish","type":"page","link":"https:\/\/calmens.com\/calendar-menstrual\/contact\/","title":{"rendered":"Contact"},"content":{"rendered":"<p>Dac\u0103 dore\u0219ti s\u0103 afli mai multe despre programul Calmens, dac\u0103 ai \u00eentreb\u0103ri sau sugestii referitoare la program, dac\u0103 ai nevoie de consiliere \u00een probleme legate de sarcin\u0103, contracep\u021bie, planificare familiala etc., ne po\u021bi contacta prin e-mail sau telefonic.<\/p>\n<p>Telefon: <a href=\"tel:0040215695249\">021 569 5249<\/a>;&nbsp;<a href=\"tel:0040373769876\">037 376 9876<\/a><br>\nMobil: <a href=\"tel:0040722236549\">0722 236 549<\/a><br>\nWhatsApp: <a href=\"tel:0040722236549\">0722 236 549<\/a><\/p>E-mail: <script language=\"JavaScript\">\n<!--\nvar stb_domain = \"calmens\"\nvar stb_dot = \".com\"\nvar stb_user = \"contact\"\nvar stb_recipient = stb_user + \"&#64;\" + stb_domain + stb_dot\nvar stb_url = \"mailto:\" + stb_recipient\ndocument.write(stb_recipient.link(stb_url));\n\/\/ -->\n<\/script><p><strong>Suport Calmens<\/strong><br>\nDac\u0103 ai \u00eent\u00e2mpinat probleme la instalarea sau rularea programului trimite-ne un mesaj cu datele tale, versiunea programului, data achizi\u021bion\u0103rii \u0219i descrierea detaliat\u0103 a problemei, \u00eenso\u021bit\u0103 eventual de screenshot-uri.<\/p>","protected":false},"excerpt":{"rendered":"<p>Dac\u0103 dore\u0219ti s\u0103 afli mai multe despre programul Calmens, dac\u0103 ai \u00eentreb\u0103ri sau sugestii referitoare la program, dac\u0103 ai nevoie de consiliere \u00een probleme legate de sarcin\u0103, contracep\u021bie, planificare familiala etc., ne po\u021bi contacta prin e-mail sau telefonic. Telefon: 021 569 5249;&nbsp;037 376 9876 Mobil: 0722 236 549 WhatsApp: 0722 236 549 E-mail: Suport Calmens [&#8230;]\n","protected":false},"author":1,"featured_media":0,"parent":0,"menu_order":0,"comment_status":"closed","ping_status":"closed","template":"page-right-sidebar.php","meta":{"_monsterinsights_skip_tracking":false,"_monsterinsights_sitenote_active":false,"_monsterinsights_sitenote_note":"","_monsterinsights_sitenote_category":0,"jetpack_post_was_ever_published":false,"footnotes":""},"yoast_head":"<!-- This site is optimized with the Yoast SEO plugin v24.5 - https:\/\/yoast.com\/wordpress\/plugins\/seo\/ -->\n<title>Contact - CALMENS<\/title>\n<meta name=\"robots\" content=\"index, follow, max-snippet:-1, max-image-preview:large, max-video-preview:-1\" \/>\n<link rel=\"canonical\" href=\"https:\/\/calmens.com\/calendar-menstrual\/contact\/\" \/>\n<meta property=\"og:locale\" content=\"en_GB\" \/>\n<meta property=\"og:type\" content=\"article\" \/>\n<meta property=\"og:title\" content=\"Contact - CALMENS\" \/>\n<meta property=\"og:description\" content=\"Dac\u0103 dore\u0219ti s\u0103 afli mai multe despre programul Calmens, dac\u0103 ai \u00eentreb\u0103ri sau sugestii referitoare la program, dac\u0103 ai nevoie de consiliere \u00een probleme legate de sarcin\u0103, contracep\u021bie, planificare familiala etc., ne po\u021bi contacta prin e-mail sau telefonic. Telefon: 021 569 5249;&nbsp;037 376 9876 Mobil: 0722 236 549 WhatsApp: 0722 236 549 E-mail: Suport Calmens [...]\" \/>\n<meta property=\"og:url\" content=\"https:\/\/calmens.com\/calendar-menstrual\/contact\/\" \/>\n<meta property=\"og:site_name\" content=\"CALMENS\" \/>\n<meta property=\"article:modified_time\" content=\"2019-01-02T15:50:44+00:00\" \/>\n<script type=\"application\/ld+json\" class=\"yoast-schema-graph\">{\"@context\":\"https:\/\/schema.org\",\"@graph\":[{\"@type\":\"WebPage\",\"@id\":\"https:\/\/calmens.com\/calendar-menstrual\/contact\/\",\"url\":\"https:\/\/calmens.com\/calendar-menstrual\/contact\/\",\"name\":\"Contact - CALMENS\",\"isPartOf\":{\"@id\":\"https:\/\/calmens.com\/calendar-menstrual\/#website\"},\"datePublished\":\"2008-12-16T05:26:08+00:00\",\"dateModified\":\"2019-01-02T15:50:44+00:00\",\"breadcrumb\":{\"@id\":\"https:\/\/calmens.com\/calendar-menstrual\/contact\/#breadcrumb\"},\"inLanguage\":\"en-GB\",\"potentialAction\":[{\"@type\":\"ReadAction\",\"target\":[\"https:\/\/calmens.com\/calendar-menstrual\/contact\/\"]}]},{\"@type\":\"BreadcrumbList\",\"@id\":\"https:\/\/calmens.com\/calendar-menstrual\/contact\/#breadcrumb\",\"itemListElement\":[{\"@type\":\"ListItem\",\"position\":1,\"name\":\"Prima pagin\u0103\",\"item\":\"https:\/\/calmens.com\/calendar-menstrual\/\"},{\"@type\":\"ListItem\",\"position\":2,\"name\":\"Contact\"}]},{\"@type\":\"WebSite\",\"@id\":\"https:\/\/calmens.com\/calendar-menstrual\/#website\",\"url\":\"https:\/\/calmens.com\/calendar-menstrual\/\",\"name\":\"CALMENS\",\"description\":\"Sexul copilului, Sarcin\u0103, Contracep\u021bie, Calendar menstrual\",\"potentialAction\":[{\"@type\":\"SearchAction\",\"target\":{\"@type\":\"EntryPoint\",\"urlTemplate\":\"https:\/\/calmens.com\/calendar-menstrual\/?s={search_term_string}\"},\"query-input\":{\"@type\":\"PropertyValueSpecification\",\"valueRequired\":true,\"valueName\":\"search_term_string\"}}],\"inLanguage\":\"en-GB\"}]}<\/script>\n<!-- \/ Yoast SEO plugin. -->","yoast_head_json":{"title":"Contact - CALMENS","robots":{"index":"index","follow":"follow","max-snippet":"max-snippet:-1","max-image-preview":"max-image-preview:large","max-video-preview":"max-video-preview:-1"},"canonical":"https:\/\/calmens.com\/calendar-menstrual\/contact\/","og_locale":"en_GB","og_type":"article","og_title":"Contact - CALMENS","og_description":"Dac\u0103 dore\u0219ti s\u0103 afli mai multe despre programul Calmens, dac\u0103 ai \u00eentreb\u0103ri sau sugestii referitoare la program, dac\u0103 ai nevoie de consiliere \u00een probleme legate de sarcin\u0103, contracep\u021bie, planificare familiala etc., ne po\u021bi contacta prin e-mail sau telefonic. Telefon: 021 569 5249;&nbsp;037 376 9876 Mobil: 0722 236 549 WhatsApp: 0722 236 549 E-mail: Suport Calmens [...]","og_url":"https:\/\/calmens.com\/calendar-menstrual\/contact\/","og_site_name":"CALMENS","article_modified_time":"2019-01-02T15:50:44+00:00","schema":{"@context":"https:\/\/schema.org","@graph":[{"@type":"WebPage","@id":"https:\/\/calmens.com\/calendar-menstrual\/contact\/","url":"https:\/\/calmens.com\/calendar-menstrual\/contact\/","name":"Contact - CALMENS","isPartOf":{"@id":"https:\/\/calmens.com\/calendar-menstrual\/#website"},"datePublished":"2008-12-16T05:26:08+00:00","dateModified":"2019-01-02T15:50:44+00:00","breadcrumb":{"@id":"https:\/\/calmens.com\/calendar-menstrual\/contact\/#breadcrumb"},"inLanguage":"en-GB","potentialAction":[{"@type":"ReadAction","target":["https:\/\/calmens.com\/calendar-menstrual\/contact\/"]}]},{"@type":"BreadcrumbList","@id":"https:\/\/calmens.com\/calendar-menstrual\/contact\/#breadcrumb","itemListElement":[{"@type":"ListItem","position":1,"name":"Prima pagin\u0103","item":"https:\/\/calmens.com\/calendar-menstrual\/"},{"@type":"ListItem","position":2,"name":"Contact"}]},{"@type":"WebSite","@id":"https:\/\/calmens.com\/calendar-menstrual\/#website","url":"https:\/\/calmens.com\/calendar-menstrual\/","name":"CALMENS","description":"Sexul copilului, Sarcin\u0103, Contracep\u021bie, Calendar menstrual","potentialAction":[{"@type":"SearchAction","target":{"@type":"EntryPoint","urlTemplate":"https:\/\/calmens.com\/calendar-menstrual\/?s={search_term_string}"},"query-input":{"@type":"PropertyValueSpecification","valueRequired":true,"valueName":"search_term_string"}}],"inLanguage":"en-GB"}]}},"jetpack_shortlink":"https:\/\/wp.me\/P2SPoA-g","jetpack_sharing_enabled":true,"jetpack_likes_enabled":true,"jetpack-related-posts":[],"_links":{"self":[{"href":"https:\/\/calmens.com\/calendar-menstrual\/wp-json\/wp\/v2\/pages\/16"}],"collection":[{"href":"https:\/\/calmens.com\/calendar-menstrual\/wp-json\/wp\/v2\/pages"}],"about":[{"href":"https:\/\/calmens.com\/calendar-menstrual\/wp-json\/wp\/v2\/types\/page"}],"author":[{"embeddable":true,"href":"https:\/\/calmens.com\/calendar-menstrual\/wp-json\/wp\/v2\/users\/1"}],"replies":[{"embeddable":true,"href":"https:\/\/calmens.com\/calendar-menstrual\/wp-json\/wp\/v2\/comments?post=16"}],"version-history":[{"count":16,"href":"https:\/\/calmens.com\/calendar-menstrual\/wp-json\/wp\/v2\/pages\/16\/revisions"}],"predecessor-version":[{"id":337,"href":"https:\/\/calmens.com\/calendar-menstrual\/wp-json\/wp\/v2\/pages\/16\/revisions\/337"}],"wp:attachment":[{"href":"https:\/\/calmens.com\/calendar-menstrual\/wp-json\/wp\/v2\/media?parent=16"}],"curies":[{"name":"wp","href":"https:\/\/api.w.org\/{rel}","templated":true}]}}

<p>Dacă dorești să afli mai multe despre programul Calmens, dacă ai întrebări sau sugestii referitoare la program, dacă ai nevoie de consiliere în probleme legate de sarcină, contracepție, planificare familiala etc., ne poți contacta prin e-mail sau telefonic.</p>
<p>Telefon: <a href="tel:0040215695249">021 569 5249</a>;&nbsp;<a href="tel:0040373769876">037 376 9876</a><br>
Mobil: <a href="tel:0040722236549">0722 236 549</a><br>
WhatsApp: <a href="tel:0040722236549">0722 236 549</a></p>E-mail: <script language="JavaScript">
<!--
var stb_domain = "calmens"
var stb_dot = ".com"
var stb_user = "contact"
var stb_recipient = stb_user + "&#64;" + stb_domain + stb_dot
var stb_url = "mailto:" + stb_recipient
document.write(stb_recipient.link(stb_url));
// -->
</script><p><strong>Suport Calmens</strong><br>
Dacă ai întâmpinat probleme la instalarea sau rularea programului trimite-ne un mesaj cu datele tale, versiunea programului, data achiziționării și descrierea detaliată a problemei, însoțită eventual de screenshot-uri.</p>

<p>Dacă dorești să afli mai multe despre programul Calmens, dacă ai întrebări sau sugestii referitoare la program, dacă ai nevoie de consiliere în probleme legate de sarcină, contracepție, planificare familiala etc., ne poți contacta prin e-mail sau telefonic. Telefon: 021 569 5249;&nbsp;037 376 9876 Mobil: 0722 236 549 WhatsApp: 0722 236 549 E-mail: Suport Calmens [&#8230;]

<!-- This site is optimized with the Yoast SEO plugin v24.5 - https://yoast.com/wordpress/plugins/seo/ -->
<title>Contact - CALMENS</title>
<meta name="robots" content="index, follow, max-snippet:-1, max-image-preview:large, max-video-preview:-1" />
<link rel="canonical" href="https://calmens.com/calendar-menstrual/contact/" />
<meta property="og:locale" content="en_GB" />
<meta property="og:type" content="article" />
<meta property="og:title" content="Contact - CALMENS" />
<meta property="og:description" content="Dacă dorești să afli mai multe despre programul Calmens, dacă ai întrebări sau sugestii referitoare la program, dacă ai nevoie de consiliere în probleme legate de sarcină, contracepție, planificare familiala etc., ne poți contacta prin e-mail sau telefonic. Telefon: 021 569 5249;&nbsp;037 376 9876 Mobil: 0722 236 549 WhatsApp: 0722 236 549 E-mail: Suport Calmens [...]" />
<meta property="og:url" content="https://calmens.com/calendar-menstrual/contact/" />
<meta property="og:site_name" content="CALMENS" />
<meta property="article:modified_time" content="2019-01-02T15:50:44+00:00" />
<script type="application/ld+json" class="yoast-schema-graph">{"@context":"https://schema.org","@graph":[{"@type":"WebPage","@id":"https://calmens.com/calendar-menstrual/contact/","url":"https://calmens.com/calendar-menstrual/contact/","name":"Contact - CALMENS","isPartOf":{"@id":"https://calmens.com/calendar-menstrual/#website"},"datePublished":"2008-12-16T05:26:08+00:00","dateModified":"2019-01-02T15:50:44+00:00","breadcrumb":{"@id":"https://calmens.com/calendar-menstrual/contact/#breadcrumb"},"inLanguage":"en-GB","potentialAction":[{"@type":"ReadAction","target":["https://calmens.com/calendar-menstrual/contact/"]}]},{"@type":"BreadcrumbList","@id":"https://calmens.com/calendar-menstrual/contact/#breadcrumb","itemListElement":[{"@type":"ListItem","position":1,"name":"Prima pagină","item":"https://calmens.com/calendar-menstrual/"},{"@type":"ListItem","position":2,"name":"Contact"}]},{"@type":"WebSite","@id":"https://calmens.com/calendar-menstrual/#website","url":"https://calmens.com/calendar-menstrual/","name":"CALMENS","description":"Sexul copilului, Sarcină, Contracepție, Calendar menstrual","potentialAction":[{"@type":"SearchAction","target":{"@type":"EntryPoint","urlTemplate":"https://calmens.com/calendar-menstrual/?s={search_term_string}"},"query-input":{"@type":"PropertyValueSpecification","valueRequired":true,"valueName":"search_term_string"}}],"inLanguage":"en-GB"}]}</script>
<!-- / Yoast SEO plugin. -->

Dacă dorești să afli mai multe despre programul Calmens, dacă ai întrebări sau sugestii referitoare la program, dacă ai nevoie de consiliere în probleme legate de sarcină, contracepție, planificare familiala etc., ne poți contacta prin e-mail sau telefonic. Telefon: 021 569 5249;&nbsp;037 376 9876 Mobil: 0722 236 549 WhatsApp: 0722 236 549 E-mail: Suport Calmens [...]

Prima pagină

Sexul copilului, Sarcină, Contracepție, Calendar menstrual
